 - 2*i + 2. Calculate the greatest common divisor of a and 7.
7
Let q(a) = -28*a. Let f be q(-3). Let s(i) = -4*i. Let k be s(-3). Calculate the greatest common factor of k and f.
12
Let g(i) = 3*i + 2. Let d be g(8). What is the greatest common divisor of 13 and d?
13
Suppose 0 = h + 3*h + 8. Let c be (h/(-2))/(3/3). Let y be ((-6 - 1)/c)/(-1). What is the highest common factor of y and 28?
7
Let p be (-1053)/(-36) + (-3)/(-4). What is the greatest common factor of 60 and p?
30
Let y(r) = -3*r + 4. Suppose -3*g = 8 + 10. Let p be y(g). Let t = -6 + p. What is the greatest common factor of t and 16?
16
Let d = -4 + 7. Suppose 0 = -d*u - u + 12. Suppose -20 = -2*z + s, -z - 4*s + 8 + 20 = 0. Calculate the highest common factor of z and u.
3
Suppose -9 - 1 = 5*t, 0 = -2*u + t + 8. Suppose -u*r - 2*r = 3*p - 641, -p + 2*r + 199 = 0. Calculate the greatest common divisor of p and 23.
23
Let z(f) = -2 + f + 2*f**2 - f + f**3 - 3*f**2 + f. Let n be z(2). What is the greatest common factor of n and 32?
4
Let o be -3*1 - 1*-6. Suppose 3*v + o*a - 117 = 0, 0 = 5*v - v - a - 141. What is the greatest common factor of v and 90?
18
Let l be ((-2)/4)/((-1)/62). What is the greatest common factor of 31 and l?
31
Let u be (11 - 21)*(-14)/4. What is the highest common divisor of u and 5?
5
Suppose -14 = -5*j + 26. What is the greatest common factor of 2 and j?
2
Let r = 0 + 0. Suppose r = 3*d - 0*d - 33. What is the greatest common divisor of 44 and d?
11
Let s = 14 + 1. What is the highest common divisor of s and 10?
5
Let h = -98 + 146. Calculate the highest common factor of h and 12.
12
Let u = 26 - 21. Calculate the highest common divisor of 20 and u.
5
Let t be (-3)/(-1) + 68/(12/3). Let a = -69 + 129. What is the greatest common divisor of a and t?
20
Let i be (-17)/((-18)/(-10) - 2). What is the greatest common divisor of 5 and i?
5
Let h be (-4)/((-1)/1) - -8. Calculate the greatest common factor of 12 and h.
12
Suppose 2*f - 40 - 34 = -2*u, 3*u = -4*f + 147. Calculate the highest common divisor of f and 12.
12
Suppose 1 - 10 = -t. Let b be (-2)/t + 330/27. What is the greatest common factor of 3 and b?
3
Suppose 10*m = 4*m + 18. Suppose m*f = f + 8. What is the highest common factor of 16 and f?
4
Let o = -6 + 65. Suppose 5*j - o = 571. Suppose h = -h + 28. Calculate the highest common divisor of j and h.
14
Let j = 29 + 25. Let g be 20/(-30) + (-735)/(-9). Calculate the highest common divisor of j and g.
27
Suppose -2*j + 6*j = -4*v + 40, -5*j + 5*v = -70. Let q(c) = -c**3 - 7*c**2 - 7*c + 6. Let p be q(-6). Calculate the highest common factor of j and p.
12
Let p = 228 - 48. What is the greatest common factor of p and 20?
20
Let u(t) = 11*t**2 + t + 4. Let h be u(-4). What is the greatest common factor of h and 16?
16
Suppose 4*d - 80 = -f, -5*f + 30 = 2*d - 2*f. What is the highest common factor of 168 and d?
21
Suppose -f + 3 + 3 = 3*v, -5*v = 0. Let q = 9 - 5. Let x = f + q. Calculate the highest common factor of 5 and x.
5
Suppose n + 4*r = 44, -5*r + 2*r = 5*n - 186. Let v = 50 - n. What is the greatest common divisor of v and 14?
14
Suppose -6*x + x + 35 = -3*k, -5*x - 5*k - 5 = 0. Suppose -b + 1 = x*m - 3, 0 = -5*m. Calculate the highest common factor of b and 8.
4
Suppose 3*f + 6*t = 3*t + 24, -5*f - 2*t + 25 = 0. Let x(u) = 1 + 2 + 0 + 4*u - f*u**2 - 3*u**3. Let w be x(-3). What is the greatest common factor of w and 9?
9
Let n be (5/(1/(-1)))/(-1). Suppose 0 = -n*x - 5, l = 2*l + 5*x - 5. Let q be 5*-3*(-32)/12. Calculate the highest common divisor of q and l.
10
Suppose 0*r = -5*r - 5*d + 10, 4*d + 2 = -2*r. Calculate the greatest common factor of 5 and r.
5
Let r = 395 - 262. What is the highest common divisor of 38 and r?
19
Suppose 3*y - 60 = -0*y. Calculate the highest common factor of 50 and y.
10
Let b be 25*4 + 2/(-2). Suppose c + 58 = 181. Let x be c/12 - 6/(-8). Calculate the greatest common divisor of b and x.
11
Suppose 4*c + 33 = 105. What is the greatest common factor of c and 18?
18
Let h = 14 + -6. Let t = 3 + -23. Let r = t - -28. Calculate the highest common divisor of h and r.
8
Let p = 31 + -30. Calculate the greatest common factor of 1 and p.
1
Let w(h) = -4*h - 1. Let r be w(-1). Let o be -25*(13/5 - r). What is the highest common divisor of o and 110?
10
Suppose v - 18 - 3 = 0. Let o = v + -12. What is the highest common divisor of o and 99?
9
Let m be 1 + -3 - (-894)/(-2). Let d = m + 1047. Suppose -238 = 5*a - d. What is the highest common divisor of 8 and a?
8
Let d = -19 - -35. Calculate the highest common factor of d and 64.
16
Let c(q) = -q**2 + 4*q + 7. Let h be c(5). Suppose -b = -h*y - y + 25, -2*b - 42 = -4*y. Let i = -6 - b. What is the highest common factor of i and 21?
7
Let o be 1/(14/(-5) - -3). Let a = 2 + -2. Suppose j + 5*n + 5 = a, 0 = j + 3*j + 4*n - 60. Calculate the highest common divisor of o and j.
5
Suppose 0*t = -5*t + 45. Let l = -5 + t. Let r = l - 2. What is the greatest common divisor of 18 and r?
2
Suppose -3*h + 4*h - 3 = d, 4*h = 5*d + 12. What is the greatest common divisor of 12 and h?
3
Suppose -5*w - 96 = -7*w. Calculate the greatest common factor of 32 and w.
16
Let a be (2 - 3)/((-4)/8). Let r(w) = 2*w**3 + w**2 + 3*w - 2. Let u be r(a). Calculate the greatest common divisor of u and 8.
8
Let f = 6 + -4. Let v be ((-16)/20)/(f/(-35)). Calculate the highest common factor of v and 56.
14
Suppose -s = -4*d - 55 + 199, -d + 15 = 5*s. Suppose n + n - 5*i = d, 0 = -4*n - 2*i + 130. Calculate the greatest common factor of 20 and n.
10
Let h be 4/(-18) + 465/27. Suppose d - z - 7 = 2, 2*d = z + h. What is the highest common divisor of 72 and d?
8
Suppose 2*a - 2*d - 3 = -1, d = 4*a - 4. Let q be (-3)/(a - (-6)/(-4)). Suppose r - q = -2*r. What is the greatest common divisor of 16 and r?
2
Suppose -3*b = 2*c - 11, 0 = c + 3*c - 2*b - 46. Suppose -o + z + 4 = -z, 0 = 4*z + 4. Suppose k = -o + c. Calculate the greatest common divisor of k and 72.
8
Let a = 330 - 166. Suppose 0 = -3*x - w + a, -2*x - 2*w = 3*w - 105. Let j be x + (1 - 0)*1. What is the highest common divisor of 7 and j?
7
Let l be 6*-1*1/(-2). Let o = l + 0. Suppose 0 = 3*h - o - 6. What is the greatest common factor of h and 15?
3
Let j be ((-2)/(-4))/(4/16). Suppose -x + 7 + 6 = 4*r, 0 = j*x - 3*r + 7. Calculate the highest common divisor of 5 and x.
1
Let v(b) = -b - 1. Let k(r) = -3*r - 1. Let x(o) = 3*k(o) - 6*v(o). Let l be x(-4). Let f be (108/l)/((-2)/(-10)). What is the highest common factor of 9 and f?
9
Let p be -3 + (-3 - (-17 + 2)). Let u(q) = q**2 + 3*q + 2. Let s be (4/(-8))/(2/16). Let x be u(s). What is the greatest common divisor of x and p?
3
Suppose 0*g = -g - 4*m, 0 = 3*g + 3*m - 45. Calculate the highest common factor of 200 and g.
20
Suppose -2 = -2*a + 2*r, -2*a - r + 4 = -1. Let v be ((-240)/28)/(a/(-21)). Calculate the greatest common factor of 10 and v.
10
Let g(o) = -4*o + 11. Let b be g(5). Let m be b/(-1) - (7 + -8). Let h be 2 + 2*(1 - -13). Calculate the greatest common factor of h and m.
10
Let v be 6/4 - (-441)/14. What is the greatest common divisor of 264 and v?
33
Let o(b) = 8*b - 1. Suppose 3*g - 4*x + 14 = -3, 0 = 4*g - 5*x + 21. Let y be o(g). Let r = 10 - -4. What is the greatest common factor of y and r?
7
Let i(c) = -4*c + 48. Let z be i(11). Calculate the greatest common factor of 2 and z.
2
Suppose i - 8 - 4 = p, 5*i - 3*p = 52. Calculate the highest common divisor of 16 and i.
8
Let w be 9/(-12) - (-261)/12. Calculate the greatest common divisor of 21 and w.
21
Let s(v) be the first derivative of -13*v**2/2 + 6*v - 4. Let h be s(-8). What is the greatest common factor of h and 10?
10
Let p be 66/4*8/12. Let j = p - 8. Suppose -3*b - 10 = j*q - 40, 5*q + 70 = 5*b. What is the highest common divisor of 24 and b?
12
Let u be 32/176 - (-3265)/11. Calculate the highest common divisor of u and 33.
33
Let c(m) = 2*m**2 - 8*m + 12. Let b be c(5). What is the greatest common factor of b and 176?
22
Suppose 3*g = 5*g - 12. Let m = -344 - -347. What is the greatest common factor of m and g?
3
Suppose -6*o = -4*o - 10. Suppose 4*s = -20, 4*s - o*s - 35 = -v. Suppose -2*b = -6, -4*n + 2*b + 174 = -0*n. What is the greatest common divisor of v and n?
15
Suppose -10 = -5*m, 2*p = -m - 0*